
What is the hundred thousands digit of 133035689?
0
What is the billions digit of 2430302018?
2
What is the ten thousands digit of 131740251?
4
What is the hundreds digit of 53468242?
2
What is the ten millions digit of 61477916?
6
What is the tens digit of 217133375?
7
What is the thousands digit of 18338714?
8
What is the ten thousands digit of 283390116?
9
What is the tens digit of 88290909?
0
What is the units digit of 639763567?
7
What is the thousands digit of 17517526?
7
What is the hundreds digit of 48413491?
4
What is the thousands digit of 30829362?
9
What is the hundred thousands digit of 277813705?
8
What is the tens digit of 1983906785?
8
What is the hundred millions digit of 2903201430?
9
What is the hundred thousands digit of 336599704?
5
What is the millions digit of 339976369?
9
What is the hundreds digit of 2507202?
2
What is the hundred millions digit of 2488662956?
4
What is the units digit of 3370137903?
3
What is the tens digit of 46305148?
4
What is the units digit of 2265318390?
0
What is the millions digit of 547563486?
7
What is the thousands digit of 9424034?
4
What is the tens digit of 511065085?
8
What is the ten thousands digit of 31433039?
3
What is the billions digit of 2216695253?
2
What is the units digit of 145253689?
9
What is the tens digit of 675139726?
2
What is the thousands digit of 1220451709?
1
What is the billions digit of 6432605493?
6
What is the hundred millions digit of 7212918315?
2
What is the ten millions digit of 99240482?
9
What is the millions digit of 23850129?
3
What is the ten thousands digit of 231042192?
4
What is the units digit of 381724721?
1
What is the millions digit of 88879633?
8
What is the hundreds digit of 1909831678?
6
What is the hundreds digit of 17212160?
1
What is the ten millions digit of 5199847271?
9
What is the ten thousands digit of 3028800365?
0
What is the hundred millions digit of 106733595?
1
What is the hundreds digit of 398408396?
3
What is the hundreds digit of 32437773?
7
What is the tens digit of 122223518?
1
What is the ten millions digit of 991558612?
9
What is the ten millions digit of 64363601?
6
What is the units digit of 1146652088?
8
What is the ten millions digit of 2714295709?
1
What is the tens digit of 69642295?
9
What is the units digit of 172753694?
4
What is the units digit of 647009182?
2
What is the tens digit of 31383282?
8
What is the hundred millions digit of 275219081?
2
What is the hundred thousands digit of 5796535?
7
What is the thousands digit of 60508756?
8
What is the thousands digit of 392312453?
2
What is the hundred thousands digit of 47834685?
8
What is the millions digit of 176104032?
6
What is the hundred thousands digit of 42193867?
1
What is the units digit of 2992059540?
0
What is the hundred millions digit of 958834984?
9
What is the hundred thousands digit of 21987226?
9
What is the ten thousands digit of 301331973?
3
What is the millions digit of 73137220?
3
What is the millions digit of 1776005376?
6
What is the hundred millions digit of 789849383?
7
What is the millions digit of 2662971879?
2
What is the ten thousands digit of 1866939433?
3
What is the hundred millions digit of 740052185?
7
What is the ten millions digit of 1683292246?
8
What is the hundreds digit of 600520476?
4
What is the thousands digit of 46424147?
4
What is the millions digit of 781523126?
1
What is the hundreds digit of 61096792?
7
What is the units digit of 36262371?
1
What is the hundreds digit of 204296312?
3
What is the billions digit of 1033119347?
1
What is the thousands digit of 178709508?
9
What is the millions digit of 136525156?
6
What is the hundred thousands digit of 116135112?
1
What is the thousands digit of 36643106?
3
What is the ten millions digit of 300227819?
0
What is the hundred millions digit of 102872905?
1
What is the ten thousands digit of 262532241?
3
What is the thousands digit of 101285803?
5
What is the units digit of 16785282?
2
What is the hundreds digit of 26008968?
9
What is the millions digit of 32234813?
2
What is the units digit of 112238700?
0
What is the hundred millions digit of 4480402661?
4
What is the thousands digit of 6138414025?
4
What is the units digit of 46791195?
5
What is the millions digit of 68771119?
8
What is the thousands digit of 57212085?
2
What is the units digit of 262901?
1
What is the hundreds digit of 1314929120?
1
What is the units digit of 78725477?
7
What is the ten thousands digit of 182956265?
5
What is the units digit of 3665751935?
5
What is the millions digit of 6279458?
6
What is the hundred thousands digit of 4710289371?
2
What is the tens digit of 11327797?
9
What is the millions digit of 354421140?
4
What is the hundred thousands digit of 7611678?
6
What is the hundred millions digit of 984518057?
9
What is the hundred millions digit of 502027962?
5
What is the millions digit of 471267785?
1
What is the hundred millions digit of 891551483?
8
What is the hundreds digit of 1771071?
0
What is the units digit of 721455106?
6
What is the hundred thousands digit of 2488179579?
1
What is the thousands digit of 61913887?
3
What is the hundred thousands digit of 1007769755?
7
What is the units digit of 7544060702?
2
What is the thousands digit of 47513212?
3
What is the hundred thousands digit of 645766271?
7
What is the hundred thousands digit of 315935094?
9
What is the units digit of 1774366483?
3
What is the hundreds digit of 8765904688?
6
What is the thousands digit of 210520040?
0
What is the millions digit of 487584191?
7
What is the hundred millions digit of 398403521?
3
What is the ten millions digit of 95418421?
9
What is the thousands digit of 267883824?
3
What is the tens digit of 176165471?
7
What is the ten millions digit of 106032830?
0
What is the hundreds digit of 692618978?
9
What is the thousands digit of 70068200?
8
What is the hundreds digit of 62847821?
8
What is the ten thousands digit of 36364758?
6
What is the tens digit of 46755177?
7
What is the hundreds digit of 9187303?
3
What is the hundreds digit of 339416447?
4
What is the units digit of 993149922?
2
What is the ten thousands digit of 893876343?
7
What is the millions digit of 12396653?
2
What is the hundreds digit of 10476115?
1
What is the ten millions digit of 22778535?
2
What is the millions digit of 441622289?
1
What is the hundred millions digit of 556442646?
5
What is the hundred thousands digit of 739762289?
7
What is the ten millions digit of 171901586?
7
What is the hundred thousands digit of 371104606?
1
What is the millions digit of 36008035?
6
What is the tens digit of 49701158?
5
What is the thousands digit of 117688307?
8
What is the hundreds digit of 61861959?
9
What is the ten thousands digit of 776123861?
2
What is the hundred millions digit of 1520183760?
5
What is the thousands digit of 47433828?
3
What is the thousands digit of 53433814?
3
What is the hundred millions digit of 1310283778?
3
What is the millions digit of 7127267069?
7
What is the ten millions digit of 116157581?
1
What is the hundred thousands digit of 23299860?
2
What is the ten thousands digit of 88065041?
6
What is the thousands digit of 3756946994?
6
What is the hundred millions digit of 182048726?
1
What is the thousands digit of 70799433?
9
What is the units digit of 50256860?
0
What is the ten millions digit of 30450438?
3
What is the billions digit of 2984315523?
2
What is the millions digit of 166732765?
6
What is the millions digit of 4549282055?
9
What is the thousands digit of 24198381?
8
What is the millions digit of 4469561442?
9
What is the thousands digit of 115522570?
2
What is the thousands digit of 56401539?
1
What is the thousands digit of 21615719?
5
What is the tens digit of 2522584196?
9
What is the tens digit of 1746583879?
7
What is the ten thousands digit of 310611833?
1
What is the hundred thousands digit of 6241223067?
2
What is the hundreds digit of 27848738?
7
What is the hundred thousands digit of 33212893?
2
What is the hundred thousands digit of 113087486?
0
What is the hundred thousands digit of 24919326?
9
What is the thousands digit of 256605997?
5
What is the ten thousands digit of 629220274?
2
What is the hundred thousands digit of 3781011808?
0
What is the hundreds dig